{"id":2,"date":"2024-03-04T11:45:47","date_gmt":"2024-03-04T10:45:47","guid":{"rendered":"http:\/\/wigrens2.hemhosting.se\/?page_id=2"},"modified":"2026-03-13T11:38:18","modified_gmt":"2026-03-13T10:38:18","slug":"exempelsida","status":"publish","type":"page","link":"https:\/\/wigrensdack.se\/","title":{"rendered":"Wigrens D\u00e4ckservice"},"content":{"rendered":"\t\t<div data-elementor-type=\"wp-page\" data-elementor-id=\"2\" class=\"elementor elementor-2\" data-elementor-post-type=\"page\">\n\t\t\t\t<div class=\"elementor-element elementor-element-0d103bf e-con-full e-flex e-con e-parent\" data-id=\"0d103bf\" data-element_type=\"container\" data-core-v316-plus=\"true\">\n\t\t\t\t<div class=\"elementor-element elementor-element-c99e8e4 elementor-widget elementor-widget-image\" data-id=\"c99e8e4\" data-element_type=\"widget\" data-widget_type=\"image.default\">\n\t\t\t\t<div class=\"elementor-widget-container\">\n\t\t\t<style>\/*! elementor - v3.20.0 - 26-03-2024 *\/\n.elementor-widget-image{text-align:center}.elementor-widget-image a{display:inline-block}.elementor-widget-image a img[src$=\".svg\"]{width:48px}.elementor-widget-image img{vertical-align:middle;display:inline-block}<\/style>\t\t\t\t\t\t\t\t\t\t<img fetchpriority=\"high\" decoding=\"async\" width=\"1400\" height=\"700\" src=\"https:\/\/wigrensdack.se\/wp-content\/uploads\/2024\/03\/hankook.jpg\" class=\"attachment-full size-full wp-image-95\" alt=\"\" srcset=\"https:\/\/wigrensdack.se\/wp-content\/uploads\/2024\/03\/hankook.jpg 1400w, https:\/\/wigrensdack.se\/wp-content\/uploads\/2024\/03\/hankook-300x150.jpg 300w, https:\/\/wigrensdack.se\/wp-content\/uploads\/2024\/03\/hankook-1024x512.jpg 1024w, https:\/\/wigrensdack.se\/wp-content\/uploads\/2024\/03\/hankook-768x384.jpg 768w\" sizes=\"(max-width: 1400px) 100vw, 1400px\" \/>\t\t\t\t\t\t\t\t\t\t\t\t\t<\/div>\n\t\t\t\t<\/div>\n\t\t\t\t<\/div>\n\t\t<div class=\"elementor-element elementor-element-224ce3d e-flex e-con-boxed e-con e-parent\" data-id=\"224ce3d\" data-element_type=\"container\" data-settings=\"{&quot;background_background&quot;:&quot;classic&quot;}\" data-core-v316-plus=\"true\">\n\t\t\t\t\t<div class=\"e-con-inner\">\n\t\t\t\t<div class=\"elementor-element elementor-element-33871f7 elementor-widget elementor-widget-image\" data-id=\"33871f7\" data-element_type=\"widget\" data-widget_type=\"image.default\">\n\t\t\t\t<div class=\"elementor-widget-container\">\n\t\t\t\t\t\t\t\t\t\t\t\t\t<img decoding=\"async\" width=\"800\" height=\"230\" src=\"https:\/\/wigrensdack.se\/wp-content\/uploads\/2026\/03\/Pask-2026-1024x295.jpg\" class=\"attachment-large size-large wp-image-328\" alt=\"\" srcset=\"https:\/\/wigrensdack.se\/wp-content\/uploads\/2026\/03\/Pask-2026-1024x295.jpg 1024w, https:\/\/wigrensdack.se\/wp-content\/uploads\/2026\/03\/Pask-2026-300x87.jpg 300w, https:\/\/wigrensdack.se\/wp-content\/uploads\/2026\/03\/Pask-2026-768x221.jpg 768w, https:\/\/wigrensdack.se\/wp-content\/uploads\/2026\/03\/Pask-2026-1536x443.jpg 1536w, https:\/\/wigrensdack.se\/wp-content\/uploads\/2026\/03\/Pask-2026.jpg 1616w\" sizes=\"(max-width: 800px) 100vw, 800px\" \/>\t\t\t\t\t\t\t\t\t\t\t\t\t<\/div>\n\t\t\t\t<\/div>\n\t\t\t\t\t<\/div>\n\t\t\t\t<\/div>\n\t\t<div class=\"elementor-element elementor-element-324ae7b e-flex e-con-boxed e-con e-parent\" data-id=\"324ae7b\" data-element_type=\"container\" data-core-v316-plus=\"true\">\n\t\t\t\t\t<div class=\"e-con-inner\">\n\t\t<div class=\"elementor-element elementor-element-2b98356 e-con-full e-flex e-con e-child\" data-id=\"2b98356\" data-element_type=\"container\">\n\t\t\t\t<div class=\"elementor-element elementor-element-90effd4 elementor-widget elementor-widget-heading\" data-id=\"90effd4\" data-element_type=\"widget\" data-widget_type=\"heading.default\">\n\t\t\t\t<div class=\"elementor-widget-container\">\n\t\t\t<style>\/*! elementor - v3.20.0 - 26-03-2024 *\/\n.elementor-heading-title{padding:0;margin:0;line-height:1}.elementor-widget-heading .elementor-heading-title[class*=elementor-size-]>a{color:inherit;font-size:inherit;line-height:inherit}.elementor-widget-heading .elementor-heading-title.elementor-size-small{font-size:15px}.elementor-widget-heading .elementor-heading-title.elementor-size-medium{font-size:19px}.elementor-widget-heading .elementor-heading-title.elementor-size-large{font-size:29px}.elementor-widget-heading .elementor-heading-title.elementor-size-xl{font-size:39px}.elementor-widget-heading .elementor-heading-title.elementor-size-xxl{font-size:59px}<\/style><h1 class=\"elementor-heading-title elementor-size-default\">Wigrens D\u00e4ckservice<\/h1>\t\t<\/div>\n\t\t\t\t<\/div>\n\t\t\t\t<div class=\"elementor-element elementor-element-c1240be elementor-widget elementor-widget-text-editor\" data-id=\"c1240be\" data-element_type=\"widget\" data-widget_type=\"text-editor.default\">\n\t\t\t\t<div class=\"elementor-widget-container\">\n\t\t\t<style>\/*! elementor - v3.20.0 - 26-03-2024 *\/\n.elementor-widget-text-editor.elementor-drop-cap-view-stacked .elementor-drop-cap{background-color:#69727d;color:#fff}.elementor-widget-text-editor.elementor-drop-cap-view-framed .elementor-drop-cap{color:#69727d;border:3px solid;background-color:transparent}.elementor-widget-text-editor:not(.elementor-drop-cap-view-default) .elementor-drop-cap{margin-top:8px}.elementor-widget-text-editor:not(.elementor-drop-cap-view-default) .elementor-drop-cap-letter{width:1em;height:1em}.elementor-widget-text-editor .elementor-drop-cap{float:left;text-align:center;line-height:1;font-size:50px}.elementor-widget-text-editor .elementor-drop-cap-letter{display:inline-block}<\/style>\t\t\t\t<p>Vi har l\u00e5ng erfarenhet av branschen och v\u00e5rat m\u00e5l \u00e4r alltid att kunna leverera snabb och kvalitativ service.<\/p><p>H\u00e4r kan du med trygga h\u00e4nder l\u00e4mna \u00f6ver bilen till v\u00e5r kunniga personal. Du hittar oss i Gullered mellan Ulricehamn och J\u00f6nk\u00f6ping.<\/p><p>Vi har \u00e4ven verkstad f\u00f6r last, skog &amp; entreprenadd\u00e4ck.<\/p><p>Vi erbjuder ocks\u00e5 tj\u00e4nster som <b>d\u00e4ckhotell, hjulinst\u00e4llning och vulkning av skog, lantbruk &amp; entreprenadd\u00e4ck.<br \/><\/b><\/p><p>Har du funderingar \u00f6ver v\u00e5ra tj\u00e4nster?<\/p><p><a href=\"tel:032140175\">0321 401 75<\/a><\/p>\t\t\t\t\t\t<\/div>\n\t\t\t\t<\/div>\n\t\t\t\t<div class=\"elementor-element elementor-element-b2ace41 elementor-widget elementor-widget-button\" data-id=\"b2ace41\" data-element_type=\"widget\" data-widget_type=\"button.default\">\n\t\t\t\t<div class=\"elementor-widget-container\">\n\t\t\t\t\t<div class=\"elementor-button-wrapper\">\n\t\t\t<a class=\"elementor-button elementor-button-link elementor-size-sm\" href=\"tel:032140175\">\n\t\t\t\t\t\t<span class=\"elementor-button-content-wrapper\">\n\t\t\t\t\t\t<span class=\"elementor-button-text\">Ring oss<\/span>\n\t\t<\/span>\n\t\t\t\t\t<\/a>\n\t\t<\/div>\n\t\t\t\t<\/div>\n\t\t\t\t<\/div>\n\t\t\t\t<\/div>\n\t\t<div class=\"elementor-element elementor-element-84a2cf3 e-con-full e-flex e-con e-child\" data-id=\"84a2cf3\" data-element_type=\"container\">\n\t\t\t\t<div class=\"elementor-element elementor-element-46d1ed1 elementor-widget elementor-widget-image\" data-id=\"46d1ed1\" data-element_type=\"widget\" data-widget_type=\"image.default\">\n\t\t\t\t<div class=\"elementor-widget-container\">\n\t\t\t\t\t\t\t\t\t\t\t\t\t<img decoding=\"async\" width=\"480\" height=\"640\" src=\"https:\/\/wigrensdack.se\/wp-content\/uploads\/2024\/03\/wigrens.jpg\" class=\"attachment-medium_large size-medium_large wp-image-165\" alt=\"\" srcset=\"https:\/\/wigrensdack.se\/wp-content\/uploads\/2024\/03\/wigrens.jpg 480w, https:\/\/wigrensdack.se\/wp-content\/uploads\/2024\/03\/wigrens-225x300.jpg 225w\" sizes=\"(max-width: 480px) 100vw, 480px\" \/>\t\t\t\t\t\t\t\t\t\t\t\t\t<\/div>\n\t\t\t\t<\/div>\n\t\t\t\t<\/div>\n\t\t\t\t\t<\/div>\n\t\t\t\t<\/div>\n\t\t<div class=\"elementor-element elementor-element-163b019 e-flex e-con-boxed e-con e-parent\" data-id=\"163b019\" data-element_type=\"container\" data-core-v316-plus=\"true\">\n\t\t\t\t\t<div class=\"e-con-inner\">\n\t\t<div class=\"elementor-element elementor-element-95503b5 e-con-full e-flex e-con e-child\" data-id=\"95503b5\" data-element_type=\"container\">\n\t\t\t\t<div class=\"elementor-element elementor-element-4422ebc elementor-widget elementor-widget-spacer\" data-id=\"4422ebc\" data-element_type=\"widget\" data-widget_type=\"spacer.default\">\n\t\t\t\t<div class=\"elementor-widget-container\">\n\t\t\t<style>\/*! elementor - v3.20.0 - 26-03-2024 *\/\n.elementor-column .elementor-spacer-inner{height:var(--spacer-size)}.e-con{--container-widget-width:100%}.e-con-inner>.elementor-widget-spacer,.e-con>.elementor-widget-spacer{width:var(--container-widget-width,var(--spacer-size));--align-self:var(--container-widget-align-self,initial);--flex-shrink:0}.e-con-inner>.elementor-widget-spacer>.elementor-widget-container,.e-con>.elementor-widget-spacer>.elementor-widget-container{height:100%;width:100%}.e-con-inner>.elementor-widget-spacer>.elementor-widget-container>.elementor-spacer,.e-con>.elementor-widget-spacer>.elementor-widget-container>.elementor-spacer{height:100%}.e-con-inner>.elementor-widget-spacer>.elementor-widget-container>.elementor-spacer>.elementor-spacer-inner,.e-con>.elementor-widget-spacer>.elementor-widget-container>.elementor-spacer>.elementor-spacer-inner{height:var(--container-widget-height,var(--spacer-size))}.e-con-inner>.elementor-widget-spacer.elementor-widget-empty,.e-con>.elementor-widget-spacer.elementor-widget-empty{position:relative;min-height:22px;min-width:22px}.e-con-inner>.elementor-widget-spacer.elementor-widget-empty .elementor-widget-empty-icon,.e-con>.elementor-widget-spacer.elementor-widget-empty .elementor-widget-empty-icon{position:absolute;top:0;bottom:0;left:0;right:0;margin:auto;padding:0;width:22px;height:22px}<\/style>\t\t<div class=\"elementor-spacer\">\n\t\t\t<div class=\"elementor-spacer-inner\"><\/div>\n\t\t<\/div>\n\t\t\t\t<\/div>\n\t\t\t\t<\/div>\n\t\t\t\t<div class=\"elementor-element elementor-element-94486fd elementor-widget elementor-widget-image\" data-id=\"94486fd\" data-element_type=\"widget\" data-widget_type=\"image.default\">\n\t\t\t\t<div class=\"elementor-widget-container\">\n\t\t\t\t\t\t\t\t\t\t\t\t\t<img loading=\"lazy\" decoding=\"async\" width=\"640\" height=\"489\" src=\"https:\/\/wigrensdack.se\/wp-content\/uploads\/2024\/03\/Personalbild-2023-oktober.jpg\" class=\"attachment-large size-large wp-image-44\" alt=\"Wigrenspersonal\" srcset=\"https:\/\/wigrensdack.se\/wp-content\/uploads\/2024\/03\/Personalbild-2023-oktober.jpg 640w, https:\/\/wigrensdack.se\/wp-content\/uploads\/2024\/03\/Personalbild-2023-oktober-300x229.jpg 300w\" sizes=\"(max-width: 640px) 100vw, 640px\" \/>\t\t\t\t\t\t\t\t\t\t\t\t\t<\/div>\n\t\t\t\t<\/div>\n\t\t\t\t<div class=\"elementor-element elementor-element-930b8a4 elementor-widget elementor-widget-spacer\" data-id=\"930b8a4\" data-element_type=\"widget\" data-widget_type=\"spacer.default\">\n\t\t\t\t<div class=\"elementor-widget-container\">\n\t\t\t\t\t<div class=\"elementor-spacer\">\n\t\t\t<div class=\"elementor-spacer-inner\"><\/div>\n\t\t<\/div>\n\t\t\t\t<\/div>\n\t\t\t\t<\/div>\n\t\t\t\t<\/div>\n\t\t<div class=\"elementor-element elementor-element-b717ee6 e-con-full e-flex e-con e-child\" data-id=\"b717ee6\" data-element_type=\"container\">\n\t\t<div class=\"elementor-element elementor-element-92e43b6 e-flex e-con-boxed e-con e-child\" data-id=\"92e43b6\" data-element_type=\"container\">\n\t\t\t\t\t<div class=\"e-con-inner\">\n\t\t\t\t<div class=\"elementor-element elementor-element-b8108b3 elementor-widget elementor-widget-spacer\" data-id=\"b8108b3\" data-element_type=\"widget\" data-widget_type=\"spacer.default\">\n\t\t\t\t<div class=\"elementor-widget-container\">\n\t\t\t\t\t<div class=\"elementor-spacer\">\n\t\t\t<div class=\"elementor-spacer-inner\"><\/div>\n\t\t<\/div>\n\t\t\t\t<\/div>\n\t\t\t\t<\/div>\n\t\t\t\t<div class=\"elementor-element elementor-element-7998524 elementor-widget elementor-widget-heading\" data-id=\"7998524\" data-element_type=\"widget\" data-widget_type=\"heading.default\">\n\t\t\t\t<div class=\"elementor-widget-container\">\n\t\t\t<h2 class=\"elementor-heading-title elementor-size-default\">D\u00e4ckverkstad mellan Ulricehamn och J\u00f6nk\u00f6ping<\/h2>\t\t<\/div>\n\t\t\t\t<\/div>\n\t\t\t\t\t<\/div>\n\t\t\t\t<\/div>\n\t\t<div class=\"elementor-element elementor-element-d7861fe e-flex e-con-boxed e-con e-child\" data-id=\"d7861fe\" data-element_type=\"container\">\n\t\t\t\t\t<div class=\"e-con-inner\">\n\t\t\t\t<div class=\"elementor-element elementor-element-b997100 elementor-widget elementor-widget-text-editor\" data-id=\"b997100\" data-element_type=\"widget\" data-widget_type=\"text-editor.default\">\n\t\t\t\t<div class=\"elementor-widget-container\">\n\t\t\t\t\t\t\t<p>Vi p\u00e5 Wigrens D\u00e4ckservice \u00e4r proffs p\u00e5 allt inom d\u00e4ck. Vi erbjuder olika typer av tj\u00e4nster, s\u00e5 som att byta dina d\u00e4ck, hjulinst\u00e4llningar, d\u00e4ckhotell, sommard\u00e4ck, vinterd\u00e4ck och f\u00e4lgar.<\/p>\t\t\t\t\t\t<\/div>\n\t\t\t\t<\/div>\n\t\t\t\t<div class=\"elementor-element elementor-element-ee9b158 elementor-widget elementor-widget-button\" data-id=\"ee9b158\" data-element_type=\"widget\" data-widget_type=\"button.default\">\n\t\t\t\t<div class=\"elementor-widget-container\">\n\t\t\t\t\t<div class=\"elementor-button-wrapper\">\n\t\t\t<a class=\"elementor-button elementor-button-link elementor-size-sm\" href=\"https:\/\/www.oclbrorssons.se\/3DKonfigurator\/index.php?lcs=y21imhw4tt&#038;country=se;se\">\n\t\t\t\t\t\t<span class=\"elementor-button-content-wrapper\">\n\t\t\t\t\t\t<span class=\"elementor-button-text\">Testa OCLS f\u00e4lgprovare h\u00e4r<\/span>\n\t\t<\/span>\n\t\t\t\t\t<\/a>\n\t\t<\/div>\n\t\t\t\t<\/div>\n\t\t\t\t<\/div>\n\t\t\t\t<div class=\"elementor-element elementor-element-5c3760b elementor-widget elementor-widget-text-editor\" data-id=\"5c3760b\" data-element_type=\"widget\" data-widget_type=\"text-editor.default\">\n\t\t\t\t<div class=\"elementor-widget-container\">\n\t\t\t\t\t\t\t<p>Vi \u00e4r ett familjef\u00f6retag som \u00e4r m\u00e5na om v\u00e5ra kunder, vi g\u00f6r allt f\u00f6r att du ska f\u00e5 s\u00e5 bra priser som m\u00f6jligt och snabb service.<\/p><p>Du hittar oss i Gullered, mellan Ulricehamn och J\u00f6nk\u00f6ping.<br \/>Hos oss kan du k\u00e4nna dig s\u00e4ker n\u00e4r du l\u00e4mnar in ditt fordon.<\/p><p>Du kan \u00e4ven skicka e-post om du hellre vill det genom att trycka p\u00e5 knappen.<\/p>\t\t\t\t\t\t<\/div>\n\t\t\t\t<\/div>\n\t\t\t\t<div class=\"elementor-element elementor-element-9cb6a48 elementor-widget elementor-widget-button\" data-id=\"9cb6a48\" data-element_type=\"widget\" data-widget_type=\"button.default\">\n\t\t\t\t<div class=\"elementor-widget-container\">\n\t\t\t\t\t<div class=\"elementor-button-wrapper\">\n\t\t\t<a class=\"elementor-button elementor-button-link elementor-size-sm\" href=\"mailto:info@wigrensdack.se\">\n\t\t\t\t\t\t<span class=\"elementor-button-content-wrapper\">\n\t\t\t\t\t\t<span class=\"elementor-button-text\">Skicka E-post<\/span>\n\t\t<\/span>\n\t\t\t\t\t<\/a>\n\t\t<\/div>\n\t\t\t\t<\/div>\n\t\t\t\t<\/div>\n\t\t\t\t<div class=\"elementor-element elementor-element-4dd14b2 elementor-widget elementor-widget-spacer\" data-id=\"4dd14b2\" data-element_type=\"widget\" data-widget_type=\"spacer.default\">\n\t\t\t\t<div class=\"elementor-widget-container\">\n\t\t\t\t\t<div class=\"elementor-spacer\">\n\t\t\t<div class=\"elementor-spacer-inner\"><\/div>\n\t\t<\/div>\n\t\t\t\t<\/div>\n\t\t\t\t<\/div>\n\t\t\t\t\t<\/div>\n\t\t\t\t<\/div>\n\t\t\t\t<\/div>\n\t\t\t\t\t<\/div>\n\t\t\t\t<\/div>\n\t\t<div class=\"elementor-element elementor-element-b072c3c e-con-full e-flex e-con e-parent\" data-id=\"b072c3c\" data-element_type=\"container\" data-core-v316-plus=\"true\">\n\t\t\t\t<div class=\"elementor-element elementor-element-7f2fc01 elementor-widget elementor-widget-spacer\" data-id=\"7f2fc01\" data-element_type=\"widget\" data-widget_type=\"spacer.default\">\n\t\t\t\t<div class=\"elementor-widget-container\">\n\t\t\t\t\t<div class=\"elementor-spacer\">\n\t\t\t<div class=\"elementor-spacer-inner\"><\/div>\n\t\t<\/div>\n\t\t\t\t<\/div>\n\t\t\t\t<\/div>\n\t\t\t\t<div class=\"elementor-element elementor-element-eddbd53 elementor-widget elementor-widget-heading\" data-id=\"eddbd53\" data-element_type=\"widget\" data-widget_type=\"heading.default\">\n\t\t\t\t<div class=\"elementor-widget-container\">\n\t\t\t<h3 class=\"elementor-heading-title elementor-size-default\">N\u00e5gra av v\u00e5ra leverant\u00f6rer<\/h3>\t\t<\/div>\n\t\t\t\t<\/div>\n\t\t\t\t<\/div>\n\t\t<div class=\"elementor-element elementor-element-4d0e19b e-flex e-con-boxed e-con e-parent\" data-id=\"4d0e19b\" data-element_type=\"container\" data-core-v316-plus=\"true\">\n\t\t\t\t\t<div class=\"e-con-inner\">\n\t\t<div class=\"elementor-element elementor-element-1e2b885 e-con-full e-flex e-con e-child\" data-id=\"1e2b885\" data-element_type=\"container\">\n\t\t\t\t<div class=\"elementor-element elementor-element-ed983b4 elementor-widget elementor-widget-image\" data-id=\"ed983b4\" data-element_type=\"widget\" data-widget_type=\"image.default\">\n\t\t\t\t<div class=\"elementor-widget-container\">\n\t\t\t\t\t\t\t\t\t\t\t\t\t<img loading=\"lazy\" decoding=\"async\" width=\"300\" height=\"91\" src=\"https:\/\/wigrensdack.se\/wp-content\/uploads\/2024\/03\/NDI-300x91.png\" class=\"attachment-medium size-medium wp-image-167\" alt=\"\" srcset=\"https:\/\/wigrensdack.se\/wp-content\/uploads\/2024\/03\/NDI-300x91.png 300w, https:\/\/wigrensdack.se\/wp-content\/uploads\/2024\/03\/NDI-1024x312.png 1024w, https:\/\/wigrensdack.se\/wp-content\/uploads\/2024\/03\/NDI-768x234.png 768w, https:\/\/wigrensdack.se\/wp-content\/uploads\/2024\/03\/NDI.png 1241w\" sizes=\"(max-width: 300px) 100vw, 300px\" \/>\t\t\t\t\t\t\t\t\t\t\t\t\t<\/div>\n\t\t\t\t<\/div>\n\t\t\t\t<\/div>\n\t\t<div class=\"elementor-element elementor-element-bab86fd e-con-full e-flex e-con e-child\" data-id=\"bab86fd\" data-element_type=\"container\">\n\t\t\t\t<div class=\"elementor-element elementor-element-78935ab elementor-widget elementor-widget-image\" data-id=\"78935ab\" data-element_type=\"widget\" data-widget_type=\"image.default\">\n\t\t\t\t<div class=\"elementor-widget-container\">\n\t\t\t\t\t\t\t\t\t\t\t\t\t<img loading=\"lazy\" decoding=\"async\" width=\"300\" height=\"65\" src=\"https:\/\/wigrensdack.se\/wp-content\/uploads\/2024\/03\/hankook-300x65.png\" class=\"attachment-medium size-medium wp-image-80\" alt=\"\" srcset=\"https:\/\/wigrensdack.se\/wp-content\/uploads\/2024\/03\/hankook-300x65.png 300w, https:\/\/wigrensdack.se\/wp-content\/uploads\/2024\/03\/hankook.png 467w\" sizes=\"(max-width: 300px) 100vw, 300px\" \/>\t\t\t\t\t\t\t\t\t\t\t\t\t<\/div>\n\t\t\t\t<\/div>\n\t\t\t\t<\/div>\n\t\t<div class=\"elementor-element elementor-element-8b8fdc5 e-con-full e-flex e-con e-child\" data-id=\"8b8fdc5\" data-element_type=\"container\">\n\t\t\t\t<div class=\"elementor-element elementor-element-4dc2e1b elementor-widget elementor-widget-image\" data-id=\"4dc2e1b\" data-element_type=\"widget\" data-widget_type=\"image.default\">\n\t\t\t\t<div class=\"elementor-widget-container\">\n\t\t\t\t\t\t\t\t\t\t\t\t\t<img loading=\"lazy\" decoding=\"async\" width=\"300\" height=\"46\" src=\"https:\/\/wigrensdack.se\/wp-content\/uploads\/2024\/03\/OCL-Brorssons-svart-logo-300x46.png\" class=\"attachment-medium size-medium wp-image-166\" alt=\"\" srcset=\"https:\/\/wigrensdack.se\/wp-content\/uploads\/2024\/03\/OCL-Brorssons-svart-logo-300x46.png 300w, https:\/\/wigrensdack.se\/wp-content\/uploads\/2024\/03\/OCL-Brorssons-svart-logo-768x118.png 768w, https:\/\/wigrensdack.se\/wp-content\/uploads\/2024\/03\/OCL-Brorssons-svart-logo.png 800w\" sizes=\"(max-width: 300px) 100vw, 300px\" \/>\t\t\t\t\t\t\t\t\t\t\t\t\t<\/div>\n\t\t\t\t<\/div>\n\t\t\t\t<div class=\"elementor-element elementor-element-4935878 elementor-widget elementor-widget-spacer\" data-id=\"4935878\" data-element_type=\"widget\" data-widget_type=\"spacer.default\">\n\t\t\t\t<div class=\"elementor-widget-container\">\n\t\t\t\t\t<div class=\"elementor-spacer\">\n\t\t\t<div class=\"elementor-spacer-inner\"><\/div>\n\t\t<\/div>\n\t\t\t\t<\/div>\n\t\t\t\t<\/div>\n\t\t\t\t<\/div>\n\t\t<div class=\"elementor-element elementor-element-e73f23a e-con-full e-flex e-con e-child\" data-id=\"e73f23a\" data-element_type=\"container\">\n\t\t\t\t<div class=\"elementor-element elementor-element-5cb1689 elementor-widget elementor-widget-image\" data-id=\"5cb1689\" data-element_type=\"widget\" data-widget_type=\"image.default\">\n\t\t\t\t<div class=\"elementor-widget-container\">\n\t\t\t\t\t\t\t\t\t\t\t\t\t<img loading=\"lazy\" decoding=\"async\" width=\"300\" height=\"50\" src=\"https:\/\/wigrensdack.se\/wp-content\/uploads\/2024\/03\/Alliance_New_Logo_1-300x50.png\" class=\"attachment-medium size-medium wp-image-168\" alt=\"\" srcset=\"https:\/\/wigrensdack.se\/wp-content\/uploads\/2024\/03\/Alliance_New_Logo_1-300x50.png 300w, https:\/\/wigrensdack.se\/wp-content\/uploads\/2024\/03\/Alliance_New_Logo_1-1024x172.png 1024w, https:\/\/wigrensdack.se\/wp-content\/uploads\/2024\/03\/Alliance_New_Logo_1-768x129.png 768w, https:\/\/wigrensdack.se\/wp-content\/uploads\/2024\/03\/Alliance_New_Logo_1.png 1273w\" sizes=\"(max-width: 300px) 100vw, 300px\" \/>\t\t\t\t\t\t\t\t\t\t\t\t\t<\/div>\n\t\t\t\t<\/div>\n\t\t\t\t<div class=\"elementor-element elementor-element-446456f elementor-widget elementor-widget-spacer\" data-id=\"446456f\" data-element_type=\"widget\" data-widget_type=\"spacer.default\">\n\t\t\t\t<div class=\"elementor-widget-container\">\n\t\t\t\t\t<div class=\"elementor-spacer\">\n\t\t\t<div class=\"elementor-spacer-inner\"><\/div>\n\t\t<\/div>\n\t\t\t\t<\/div>\n\t\t\t\t<\/div>\n\t\t\t\t<\/div>\n\t\t\t\t\t<\/div>\n\t\t\t\t<\/div>\n\t\t<div class=\"elementor-element elementor-element-6d488e2 e-flex e-con-boxed e-con e-parent\" data-id=\"6d488e2\" data-element_type=\"container\" data-core-v316-plus=\"true\">\n\t\t\t\t\t<div class=\"e-con-inner\">\n\t\t\t\t\t<\/div>\n\t\t\t\t<\/div>\n\t\t\t\t<\/div>\n\t\t","protected":false},"excerpt":{"rendered":"<p>Wigrens D\u00e4ckservice Vi har l\u00e5ng erfarenhet av branschen och v\u00e5rat m\u00e5l \u00e4r alltid att kunna leverera snabb och kvalitativ service. H\u00e4r kan du med trygga h\u00e4nder l\u00e4mna \u00f6ver bilen till v\u00e5r kunniga personal. Du hittar oss i Gullered mellan Ulricehamn och J\u00f6nk\u00f6ping. Vi har \u00e4ven verkstad f\u00f6r last, skog &amp; entreprenadd\u00e4ck. Vi erbjuder ocks\u00e5 tj\u00e4nster [&hellip;]<\/p>\n","protected":false},"author":1,"featured_media":36,"parent":0,"menu_order":0,"comment_status":"closed","ping_status":"open","template":"","meta":{"footnotes":""},"class_list":["post-2","page","type-page","status-publish","has-post-thumbnail","hentry"],"_links":{"self":[{"href":"https:\/\/wigrensdack.se\/index.php\/wp-json\/wp\/v2\/pages\/2","targetHints":{"allow":["GET"]}}],"collection":[{"href":"https:\/\/wigrensdack.se\/index.php\/wp-json\/wp\/v2\/pages"}],"about":[{"href":"https:\/\/wigrensdack.se\/index.php\/wp-json\/wp\/v2\/types\/page"}],"author":[{"embeddable":true,"href":"https:\/\/wigrensdack.se\/index.php\/wp-json\/wp\/v2\/users\/1"}],"replies":[{"embeddable":true,"href":"https:\/\/wigrensdack.se\/index.php\/wp-json\/wp\/v2\/comments?post=2"}],"version-history":[{"count":217,"href":"https:\/\/wigrensdack.se\/index.php\/wp-json\/wp\/v2\/pages\/2\/revisions"}],"predecessor-version":[{"id":331,"href":"https:\/\/wigrensdack.se\/index.php\/wp-json\/wp\/v2\/pages\/2\/revisions\/331"}],"wp:featuredmedia":[{"embeddable":true,"href":"https:\/\/wigrensdack.se\/index.php\/wp-json\/wp\/v2\/media\/36"}],"wp:attachment":[{"href":"https:\/\/wigrensdack.se\/index.php\/wp-json\/wp\/v2\/media?parent=2"}],"curies":[{"name":"wp","href":"https:\/\/api.w.org\/{rel}","templated":true}]}}